 = 20 + -13. Let g = h + w. What is the units digit of g?
5
Let u(g) = -g**2 - 4*g + 4. Let p = 5 - 8. What is the units digit of u(p)?
7
Suppose -2*n + 15 = -6*a + a, -n = -5*a - 15. Let t = 2 - n. Suppose 0 = t*f + 4 - 20. What is the units digit of f?
8
Let y(a) = 7*a**2 + a. Let k be y(-1). Let f be k + (-3)/3 - 3. Suppose -f*l + 6*v - 2*v = -36, 2*v = -3*l + 46. What is the units digit of l?
6
What is the hundreds digit of (30/(-3))/(6/(-84))?
1
Let p be (10/(-4))/5*-38. Suppose -4*r - 5 = p. What is the units digit of (-1)/(2*3/r)?
1
Suppose 0*z - 60 = -5*z. What is the units digit of (-3)/z + 354/8?
4
Suppose -2*q + q = -4. What is the tens digit of ((-31)/q)/((-7)/28)?
3
Let q(h) = -h**3 - 2*h**2 + 1. Let j be q(-1). Suppose 0 = -j*m - 3*m + 63. What is the tens digit of m?
2
Let n be ((-6)/(-4))/(1/12). Suppose -n = r - 3*r. What is the units digit of 65/r + (-2)/9?
7
Let b be (12/(-6))/((-4)/6). Suppose -z = b, -4*a + 9 = z - 0*z. What is the units digit of a?
3
Suppose 0 = 2*s - 6*s + 20. Suppose 4*p - s*c - 30 = 0, 4*p = -c + 4*c + 34. What is the tens digit of p?
1
Let k(q) = -q - 4. Suppose 0 = -3*p + 2*c - 8 - 7, -2*c = 2*p + 20. What is the units digit of k(p)?
3
Suppose -274 = -5*c - 64. What is the units digit of c?
2
Let u(h) = h**2 - 4*h - 7. What is the tens digit of u(-9)?
1
What is the units digit of (72/(-12))/(2/(-11))?
3
Suppose -12*u + 3*u + 2259 = 0. What is the hundreds digit of u?
2
Let u be 1/(2 - (-117)/(-57)). Let p = u + 33. What is the units digit of p?
4
Let s(b) = 2*b**2 - 18. What is the hundreds digit of s(8)?
1
Let d(k) = k**2 + 5*k - 8. Let q be d(-7). Suppose 0 = 5*z - 2*z - q. Suppose -z*t + 7*t - r - 75 = 0, 3*r = t - 29. What is the units digit of t?
4
Let x be 3/(-12) - (-63)/12. Let i be (13 - x) + 0 + 1. Let t = i - -1. What is the units digit of t?
0
Suppose 2*v + 16 = -2*v. What is the units digit of v*(3 - (-27)/(-6))?
6
Let v(f) = 3*f**2 + 2*f. Let a be (3/2)/(2/(-4)). What is the tens digit of v(a)?
2
Let i(v) = v**2 - v. Let j be i(3). Suppose n = -j + 8. Suppose -4*g + 14 = 2*c, 2*g - n*c = -5 + 27. What is the units digit of g?
6
Let j = 42 + -23. Suppose -4*x + 2*t - 18 = 0, j = -4*x + 2*x - t. Let p(c) = -c**2 - 8*c - 2. What is the units digit of p(x)?
5
Suppose 39 = 2*z - 23. What is the tens digit of z?
3
Let g = 211 - -106. What is the hundreds digit of g?
3
Suppose 0 = -4*f - 2 + 10. Suppose 18 = 2*d - 3*v, 0 = -2*d - v + 1 + 1. Let l = f + d. What is the units digit of l?
5
Suppose 4*u + k - 35 = 4*k, -u - 20 = 5*k. Suppose -3*z + u*y = -5*z + 42, y = 2*z - 54. What is the tens digit of z?
2
Let d be (-9)/(-6)*2*-6. What is the units digit of 28/(-6)*d/12?
7
Let d be -5*(-1 - 9/(-15)). Let p(k) = k**2 - 2. What is the units digit of p(d)?
2
Suppose -25 = -g + 5*a, 0 = 5*g - 3*g - 5*a - 30. Let u(q) = -q**3 + 6*q**2 - 5*q - 2. Let v be u(g). What is the units digit of ((-2)/(-3))/(v/(-3))?
1
Suppose -179 = -7*b + 640. What is the tens digit of b?
1
Let c(t) = t - 16. Let y be c(10). Let b(u) = -u**3 - 4*u**2 + 9*u + 8. What is the tens digit of b(y)?
2
What is the units digit of 189/4 + (-12)/(-80)*5?
8
Suppose -x + 4*x = 5*w + 115, -w = -2*x + 86. What is the units digit of x?
5
Let z(y) = y - 2*y + 14 - y**3 - 13*y**2 - 10*y. Let r be z(-12). Suppose b + 5*a = 22 + 1, -3*b - r*a + 43 = 0. What is the tens digit of b?
1
What is the units digit of (4*-2)/((-16)/8)?
4
Suppose 3*h = 219 + 225. What is the hundreds digit of h?
1
Let m(g) = 3 + 4 - g - 2. What is the units digit of m(-8)?
3
What is the units digit of 72 + 3 - (-6)/2?
8
Let d(p) = p + 9. Let n be d(-7). What is the units digit of -26*(0 + n/(-4))?
3
Suppose -3*l - l = -5*m + 499, 95 = m - 2*l. What is the tens digit of m?
0
Let b = -1 - -7. What is the tens digit of 1 - 5/(-2)*b?
1
Suppose 10 = -3*h + 1. Let a be 2 - 0*(-1)/h. Suppose 5*v - 14 = -0*o + a*o, -3*v + o + 9 = 0. What is the units digit of v?
4
Let v = 11 - 0. What is the tens digit of v?
1
Let r(q) = -q**3 - 3*q + 6. Let k be r(-4). Suppose 92 = 3*j + 4*v, -3*j + 3*v - 5*v + k = 0. What is the units digit of j?
4
Let k(q) = -q**2 - 2*q + 7. Let w be k(-5). Let m = w + 16. Let g = m - 2. What is the units digit of g?
6
Let v be ((-33)/55)/((-1)/5). Suppose 35 = 2*s + v*s. What is the units digit of s?
7
Let g = 3 - -7. Let f be (2 + g)*(-4)/(-6). Suppose v + 3 = f. What is the units digit of v?
5
Let t = 17 + -43. What is the tens digit of 166/10 - t/65?
1
Let y = 66 + 40. What is the tens digit of y?
0
Suppose 5*r = -2*f - 8, -4*r - 3*f = -8*f + 13. What is the units digit of -2*(-6 - (0 + r))?
8
Suppose 2*h = 8 - 0. Suppose -3*z = 2*g - 33, g + g = -h*z + 34. What is the tens digit of g?
1
Let x(s) = s**2 + 13*s - 16. Suppose -p + 6*p + 84 = 3*m, 0 = -5*p + 5*m - 90. What is the tens digit of x(p)?
1
Let k(c) = -c + 2. Let v be k(2). Suppose v = 2*w - 4, 4*b = 3*b + 5*w + 3. Let o = 18 - b. What is the units digit of o?
5
Let v be (-6)/(-4)*(-8)/3. Suppose 5 = 3*y + 11. Let k = y - v. What is the units digit of k?
2
Suppose 0 = -g + 5*g - 36. Let d = g - -19. What is the tens digit of d?
2
Let j = -12 - -6. Let f = 10 + j. What is the units digit of f?
4
Suppose 6*u = 6 + 6. What is the units digit of u?
2
Let y = 13 - -3. What is the units digit of y?
6
Let c(g) = 12*g**2 - 8*g + 1. What is the units digit of c(5)?
1
Suppose 107 = 4*i - 29. What is the units digit of i?
4
Let j be 6/(-27) + 6/27. Suppose j*i - 2*i = -22. What is the tens digit of i?
1
Suppose -4*b + 178 = 9*n - 7*n, 0 = -2*n + 5*b + 223. What is the tens digit of n?
9
Let g(o) = -o + 21. Let r be g(17). What is the units digit of (-10)/r*(-6)/5?
3
Let n(f) = 5*f**3 - 10*f**2 + 2*f - 18. Let m(a) = 2*a**3 - 3*a**2 + a - 6. Let g(i) = -8*m(i) + 3*n(i). Let t be g(-6). What is the units digit of (6/9)/(4/t)?
1
Let t(a) be the second derivative of -a**5/20 - 7*a**4/12 - a**3 + a**2 + a. Let q be t(-6). Suppose -q*j + 1 = -11. What is the units digit of j?
6
Suppose 5*k - 15 = -0*k. Let h(d) = 4*d + 3. Let s(f) = 2*f + 1. Let b(m) = -3*h(m) + 7*s(m). What is the units digit of b(k)?
4
Suppose 5*a - 618 = -3*d - 55, 0 = 2*d + 4*a - 378. What is the tens digit of d?
8
Suppose 4*v - 1 - 7 = 0. Let c = 13 - 6. Suppose v = h - c. What is the units digit of h?
9
What is the units digit of (-318)/(-14) + (-8)/(-28)?
3
Let g = -55 + 94. Suppose 6 + g = 3*x. What is the units digit of x?
5
Let g = 152 + -76. What is the tens digit of g?
7
Let t = -29 - -20. Let h = 20 + t. What is the tens digit of h?
1
Let o be (-4)/6 - 544/(-24). Suppose -2*c - 53 = -3*n, 0*n - 2*n + 4*c + o = 0. What is the units digit of n?
1
Let g = 7 - -12. Let n = g + -13. Let c(p) = -p**3 + 7*p**2 - 4*p + 6. What is the tens digit of c(n)?
1
Suppose k - 5*a - 39 = 0, 4*k - 135 = -3*a + 2*a. What is the tens digit of k?
3
Let i(z) = z**2 - z + 18. Let f = 0 + 0. What is the units digit of i(f)?
8
Suppose -3*f = -f - 56. What is the units digit of f?
8
Let a be ((-14)/(-4))/(1/(-2)). What is the units digit of 2/a - (-564)/14?
0
Suppose z - 12 = -2. Suppose 18 = -7*x + z*x. What is the units digit of x?
6
Suppose 4*y = 8*y - 88. What is the units digit of 18/(-15)*(-3 - y)?
0
Suppose 0 = -x - 4*x. Suppose 2*h + 11 - 19 = x. What is the units digit of h?
4
Suppose 3*y = -2*x + 2, 3 = -5*y + 3*x - 0. Suppose 3*c - 4*v = -29, y = 2*c + v - 4*v + 21. What is the units digit of (1 + c)/((-1)/4)?
8
Let l be (1/1)/((-1)/(-3)). Suppose l*s + 5*i - 9 + 2 = 0, -4*s + 4*i - 12 = 0. Let p = s + 4. What is the units digit of p?
3
Let q(f) = -4*f - 2. Let j be q(-1). Suppose -j*l - 6 = -0*a - 3*a, -2 = -a + 5*l. What is the units digit of a?
2
Let x(d) = -d + 5. Let o(y) = -y**2 + 5*y - 3. Let s be o(3). Suppose -5*i + 13 = -3*j, s*j - 4*i - 27 = -7*i. What is the units digit of x(j)?
1
Suppose -2*a = -0*a - 300. What is the hundreds digit of a?
1
Suppose -5*h + 39 = -6. What is the units digit of h?
9
Let r = -20 - -14. Let z(l) = -l**2 - 5*l + 7. What is the units digit of z(r)?
1
Suppose h - 40 = -4*a + 5*h, 0 = 3*a + 5*h + 10. Suppose -3*j + 80 = 2*w, 0 = a*w - w + 20. Let k = -19 + j. What is the tens digit of k?
1
Suppose 2*q - 3 = 5. Suppose y = 5*p + q*y - 77, 5*y = -3*p + 43. What is the units digit of p?
6
Let b(h) = h**3 - 9*h*